{"id":54,"date":"2019-03-08T01:37:14","date_gmt":"2019-03-08T00:37:14","guid":{"rendered":"http:\/\/diwanlanderne.bzh\/?page_id=54"},"modified":"2026-02-26T20:07:11","modified_gmt":"2026-02-26T19:07:11","slug":"foar-bio","status":"publish","type":"page","link":"https:\/\/diwanlanderne.bzh\/index.php\/foar-bio\/","title":{"rendered":"FOAR BIO 2026"},"content":{"rendered":"\n<div class=\"wp-block-image\"><figure class=\"aligncenter size-large\"><img loading=\"lazy\" decoding=\"async\" width=\"727\" height=\"1024\" src=\"https:\/\/diwanlanderne.bzh\/wp-content\/uploads\/2026\/02\/AFFICHE-727x1024.png\" alt=\"\" class=\"wp-image-624\" srcset=\"https:\/\/diwanlanderne.bzh\/wp-content\/uploads\/2026\/02\/AFFICHE-727x1024.png 727w, https:\/\/diwanlanderne.bzh\/wp-content\/uploads\/2026\/02\/AFFICHE-213x300.png 213w, https:\/\/diwanlanderne.bzh\/wp-content\/uploads\/2026\/02\/AFFICHE-768x1082.png 768w, https:\/\/diwanlanderne.bzh\/wp-content\/uploads\/2026\/02\/AFFICHE-1091x1536.png 1091w, https:\/\/diwanlanderne.bzh\/wp-content\/uploads\/2026\/02\/AFFICHE.png 1185w\" sizes=\"auto, (max-width: 727px) 85vw, 727px\" \/><\/figure><\/div>\n\n\n\n<p>Rendez-vous incontournable du Nord Finist\u00e8re, la foire bio de Landerneau revient pour une 28\u1d49 \u00e9dition les 21 &amp; 22 mars 2026. \u00c0 vos agendas !<br><\/p>\n\n\n\n<p>Venir \u00e0 la foire bio de Landerneau, c\u2019est soutenir la fili\u00e8re bio et \u00e9cologique lors d\u2019un rassemblement familial, \u00e9thique et joyeux !!! La foire bio de Landerneau, ce sont plus de 110 exposants qui seront l\u00e0 pour pr\u00e9senter leurs produits et services respectueux de la nature.&nbsp;<br><\/p>\n\n\n\n<figure class=\"wp-block-image size-large\"><img loading=\"lazy\" decoding=\"async\" width=\"1024\" height=\"257\" src=\"https:\/\/diwanlanderne.bzh\/wp-content\/uploads\/2023\/12\/Skeudenn-1024x257.jpg\" alt=\"\" class=\"wp-image-588\" srcset=\"https:\/\/diwanlanderne.bzh\/wp-content\/uploads\/2023\/12\/Skeudenn-1024x257.jpg 1024w, https:\/\/diwanlanderne.bzh\/wp-content\/uploads\/2023\/12\/Skeudenn-300x75.jpg 300w, https:\/\/diwanlanderne.bzh\/wp-content\/uploads\/2023\/12\/Skeudenn-768x193.jpg 768w, https:\/\/diwanlanderne.bzh\/wp-content\/uploads\/2023\/12\/Skeudenn-1536x386.jpg 1536w, https:\/\/diwanlanderne.bzh\/wp-content\/uploads\/2023\/12\/Skeudenn-2048x514.jpg 2048w, https:\/\/diwanlanderne.bzh\/wp-content\/uploads\/2023\/12\/Skeudenn-1200x301.jpg 1200w\" sizes=\"auto, (max-width: 709px) 85vw, (max-width: 909px) 67vw, (max-width: 1362px) 62vw, 840px\" \/><\/figure>\n\n\n\n<p>La foire bio sera garnie de multiples ateliers et animations auxquels vous serez invit\u00e9s \u00e0 participer que ce soit pendant le weekend ou m\u00eame \u00e0 travers des \u00e9v\u00e9nements durant la semaine pr\u00e9c\u00e9dent la foire. Diff\u00e9rents espaces restaurations du site (food trucks, stand cr\u00eapes) vous permettront de vous r\u00e9galer, il y en aura pour tous les go\u00fbts.<br><\/p>\n\n\n\n<p>La foire bio de Landerneau \u00e7a se passe dans la halle de Saint-Ernel \u00e0 Landerneau le samedi et le dimanche, de 10h \u00e0 19h. C\u2019est 3,5\u20ac l\u2019entr\u00e9e pour la journ\u00e9e, 2\u20ac pour les b\u00e9n\u00e9ficiaires de minima sociaux et demandeurs d\u2019emploi sur justificatif et gratuit pour les moins de 16 ans.<br><\/p>\n\n\n\n<p>Participer \u00e0 la foire bio, c\u2019est se faire plaisir le temps d\u2019un week-end tout en soutenant l&rsquo;\u00e9cole Diwan de Landerneau. Plus d\u2019info sur : <a rel=\"noreferrer noopener\" aria-label=\"foirebiolanderneau.bzh (s\u2019ouvre dans un nouvel onglet)\" href=\"http:\/\/foirebiolanderneau.bzh\/\" target=\"_blank\">foirebiolanderneau.bzh<\/a><\/p>\n\n\n\n<figure class=\"wp-block-image size-large\"><img loading=\"lazy\" decoding=\"async\" width=\"1024\" height=\"768\" src=\"https:\/\/diwanlanderne.bzh\/wp-content\/uploads\/2026\/02\/PHOTO-2021-1024x768.jpg\" alt=\"\" class=\"wp-image-631\" srcset=\"https:\/\/diwanlanderne.bzh\/wp-content\/uploads\/2026\/02\/PHOTO-2021-1024x768.jpg 1024w, https:\/\/diwanlanderne.bzh\/wp-content\/uploads\/2026\/02\/PHOTO-2021-300x225.jpg 300w, https:\/\/diwanlanderne.bzh\/wp-content\/uploads\/2026\/02\/PHOTO-2021-768x576.jpg 768w, https:\/\/diwanlanderne.bzh\/wp-content\/uploads\/2026\/02\/PHOTO-2021-1536x1152.jpg 1536w, https:\/\/diwanlanderne.bzh\/wp-content\/uploads\/2026\/02\/PHOTO-2021-1200x900.jpg 1200w, https:\/\/diwanlanderne.bzh\/wp-content\/uploads\/2026\/02\/PHOTO-2021.jpg 2016w\" sizes=\"auto, (max-width: 709px) 85vw, (max-width: 909px) 67vw, (max-width: 1362px) 62vw, 840px\" \/><\/figure>\n\n\n\n<div class=\"wp-block-image\"><figure class=\"aligncenter\"><a href=\"rattrapage en juin ?\" target=\"_blank\" rel=\"noreferrer noopener\"><img loading=\"lazy\" decoding=\"async\" width=\"844\" height=\"750\" src=\"https:\/\/diwanlanderne.bzh\/wp-content\/uploads\/2019\/03\/Foirebio2019.jpg\" alt=\"\" class=\"wp-image-151\" srcset=\"https:\/\/diwanlanderne.bzh\/wp-content\/uploads\/2019\/03\/Foirebio2019.jpg 844w, https:\/\/diwanlanderne.bzh\/wp-content\/uploads\/2019\/03\/Foirebio2019-300x267.jpg 300w, https:\/\/diwanlanderne.bzh\/wp-content\/uploads\/2019\/03\/Foirebio2019-768x682.jpg 768w\" sizes=\"auto, (max-width: 709px) 85vw, (max-width: 909px) 67vw, (max-width: 1362px) 62vw, 840px\" \/><\/a><figcaption>Foire bio 2019 <\/figcaption><\/figure><\/div>\n\n\n\n<p>Unan eus an darvoudo\u00f9 n\u2019haller ket tremen e-biou e Norzh Penn-ar-Bed eo Foar Bio Landerne. Evit ar 28<sup>vet <\/sup>tro e vo aozet diouzh an 21 hag an 22 a viz Meurzh 2026.<\/p>\n\n\n\n<p>Dont d\u2019ar Foar vBio a sikouro an hentenn viologel hag ekologel e-pad un degouezh digor d\u2019ar familho\u00f9, etik ha leun a levenez. Ouzhpenn 110 diskouezer a vo degemeret gant an aozerien evit rei\u00f1 tro d\u2019an dud da anavezout o froduio\u00f9 hag o servijo\u00f9 a doujus ouzh an natur.<\/p>\n\n\n\n<p>Meur a atalier hag a abadenn a vo war al lec\u2019h met ivez e-pad ar sizhun araog ar foar. Pep hini a c\u2019hello kavout war al lec\u2019h peadra da lipat ar mourro\u00f9 gant krampouezh pe gant kamiono\u00f9-boued o kinnig un dibab lies.<\/p>\n\n\n\n<p>E Sal Sant-Ernel e Landerne e vo degemeret ar Foar Bio etre 10e beure ha 7e noz. 3,5\u20ac eo ar priz evit mont e-barzh, 2\u20ac evit degemererien ar c\u2019horvoderio\u00f9 sokial izek, an dud dilabour. Digoust eo evit re yaouank dindan 16 bloaz.<\/p>\n\n\n\n<p>Dont d\u2019ar Foar Bio a zegaso un tamm plijadur deoc\u2019h e-kerzh un dibenn-sizhun ha war an dro e vo skoazell Skol Diwan Landerne ganeoc\u2019h. Evit gouzout hiroc&rsquo;h : <a rel=\"noreferrer noopener\" aria-label=\"foirebiolanderneau.bzh (s\u2019ouvre dans un nouvel onglet)\" href=\"http:\/\/foirebiolanderneau.bzh\/\" target=\"_blank\">foirebiolanderneau.bzh<\/a><\/p>\n\n\n\n<figure class=\"wp-block-image size-large is-style-default\"><img loading=\"lazy\" decoding=\"async\" width=\"1024\" height=\"687\" src=\"https:\/\/diwanlanderne.bzh\/wp-content\/uploads\/2026\/02\/RectoVerso-1024x687.jpg\" alt=\"\" class=\"wp-image-626\" srcset=\"https:\/\/diwanlanderne.bzh\/wp-content\/uploads\/2026\/02\/RectoVerso-1024x687.jpg 1024w, https:\/\/diwanlanderne.bzh\/wp-content\/uploads\/2026\/02\/RectoVerso-300x201.jpg 300w, https:\/\/diwanlanderne.bzh\/wp-content\/uploads\/2026\/02\/RectoVerso-768x516.jpg 768w, https:\/\/diwanlanderne.bzh\/wp-content\/uploads\/2026\/02\/RectoVerso-1536x1031.jpg 1536w, https:\/\/diwanlanderne.bzh\/wp-content\/uploads\/2026\/02\/RectoVerso-2048x1375.jpg 2048w, https:\/\/diwanlanderne.bzh\/wp-content\/uploads\/2026\/02\/RectoVerso-1200x806.jpg 1200w\" sizes=\"auto, (max-width: 709px) 85vw, (max-width: 909px) 67vw, (max-width: 1362px) 62vw, 840px\" \/><\/figure>\n\n\n\n<div class=\"wp-block-image\"><figure class=\"aligncenter size-large\"><a href=\"https:\/\/www.letelegramme.fr\/finistere\/landerneau\/foire-bio-de-diwan-landerneau-rattrapage-en-juin-17-03-2021-12719493.php\" target=\"_blank\" rel=\"noreferrer noopener\"><img loading=\"lazy\" decoding=\"async\" width=\"676\" height=\"338\" src=\"https:\/\/diwanlanderne.bzh\/wp-content\/uploads\/2021\/03\/le-comite-n-a-pas-encore-renonce-a-l-organisation-d-une_5584032_676x338p.jpg\" alt=\"\" class=\"wp-image-402\" srcset=\"https:\/\/diwanlanderne.bzh\/wp-content\/uploads\/2021\/03\/le-comite-n-a-pas-encore-renonce-a-l-organisation-d-une_5584032_676x338p.jpg 676w, https:\/\/diwanlanderne.bzh\/wp-content\/uploads\/2021\/03\/le-comite-n-a-pas-encore-renonce-a-l-organisation-d-une_5584032_676x338p-300x150.jpg 300w\" sizes=\"auto, (max-width: 676px) 85vw, 676px\" \/><\/a><\/figure><\/div>\n\n\n\n<figure class=\"wp-block-image size-large\"><img loading=\"lazy\" decoding=\"async\" width=\"1024\" height=\"725\" src=\"https:\/\/diwanlanderne.bzh\/wp-content\/uploads\/2023\/01\/AFFICHES-18-25-1024x725.png\" alt=\"\" class=\"wp-image-568\" srcset=\"https:\/\/diwanlanderne.bzh\/wp-content\/uploads\/2023\/01\/AFFICHES-18-25-1024x725.png 1024w, https:\/\/diwanlanderne.bzh\/wp-content\/uploads\/2023\/01\/AFFICHES-18-25-300x212.png 300w, https:\/\/diwanlanderne.bzh\/wp-content\/uploads\/2023\/01\/AFFICHES-18-25-768x544.png 768w, https:\/\/diwanlanderne.bzh\/wp-content\/uploads\/2023\/01\/AFFICHES-18-25-1536x1087.png 1536w, https:\/\/diwanlanderne.bzh\/wp-content\/uploads\/2023\/01\/AFFICHES-18-25-1200x849.png 1200w, https:\/\/diwanlanderne.bzh\/wp-content\/uploads\/2023\/01\/AFFICHES-18-25.png 1653w\" sizes=\"auto, (max-width: 709px) 85vw, (max-width: 909px) 67vw, (max-width: 1362px) 62vw, 840px\" \/><\/figure>\n\n\n\n<figure class=\"wp-block-image size-large\"><img loading=\"lazy\" decoding=\"async\" width=\"1024\" height=\"725\" src=\"https:\/\/diwanlanderne.bzh\/wp-content\/uploads\/2023\/01\/AFFICHES-10-17-1024x725.png\" alt=\"\" class=\"wp-image-567\" srcset=\"https:\/\/diwanlanderne.bzh\/wp-content\/uploads\/2023\/01\/AFFICHES-10-17-1024x725.png 1024w, https:\/\/diwanlanderne.bzh\/wp-content\/uploads\/2023\/01\/AFFICHES-10-17-300x212.png 300w, https:\/\/diwanlanderne.bzh\/wp-content\/uploads\/2023\/01\/AFFICHES-10-17-768x544.png 768w, https:\/\/diwanlanderne.bzh\/wp-content\/uploads\/2023\/01\/AFFICHES-10-17-1536x1087.png 1536w, https:\/\/diwanlanderne.bzh\/wp-content\/uploads\/2023\/01\/AFFICHES-10-17-1200x849.png 1200w, https:\/\/diwanlanderne.bzh\/wp-content\/uploads\/2023\/01\/AFFICHES-10-17.png 1653w\" sizes=\"auto, (max-width: 709px) 85vw, (max-width: 909px) 67vw, (max-width: 1362px) 62vw, 840px\" \/><\/figure>\n","protected":false},"excerpt":{"rendered":"<p>Rendez-vous incontournable du Nord Finist\u00e8re, la foire bio de Landerneau revient pour une 28\u1d49 \u00e9dition les 21 &amp; 22 mars 2026. \u00c0 vos agendas ! Venir \u00e0 la foire bio de Landerneau, c\u2019est soutenir la fili\u00e8re bio et \u00e9cologique lors d\u2019un rassemblement familial, \u00e9thique et joyeux !!! La foire bio de Landerneau, ce sont plus &hellip; <a href=\"https:\/\/diwanlanderne.bzh\/index.php\/foar-bio\/\" class=\"more-link\">Continuer la lecture<span class=\"screen-reader-text\"> de &laquo;&nbsp;FOAR BIO 2026&nbsp;&raquo;<\/span><\/a><\/p>\n","protected":false},"author":3,"featured_media":0,"parent":0,"menu_order":5,"comment_status":"closed","ping_status":"closed","template":"","meta":{"footnotes":""},"class_list":["post-54","page","type-page","status-publish","hentry"],"_links":{"self":[{"href":"https:\/\/diwanlanderne.bzh\/index.php\/wp-json\/wp\/v2\/pages\/54","targetHints":{"allow":["GET"]}}],"collection":[{"href":"https:\/\/diwanlanderne.bzh\/index.php\/wp-json\/wp\/v2\/pages"}],"about":[{"href":"https:\/\/diwanlanderne.bzh\/index.php\/wp-json\/wp\/v2\/types\/page"}],"author":[{"embeddable":true,"href":"https:\/\/diwanlanderne.bzh\/index.php\/wp-json\/wp\/v2\/users\/3"}],"replies":[{"embeddable":true,"href":"https:\/\/diwanlanderne.bzh\/index.php\/wp-json\/wp\/v2\/comments?post=54"}],"version-history":[{"count":77,"href":"https:\/\/diwanlanderne.bzh\/index.php\/wp-json\/wp\/v2\/pages\/54\/revisions"}],"predecessor-version":[{"id":632,"href":"https:\/\/diwanlanderne.bzh\/index.php\/wp-json\/wp\/v2\/pages\/54\/revisions\/632"}],"wp:attachment":[{"href":"https:\/\/diwanlanderne.bzh\/index.php\/wp-json\/wp\/v2\/media?parent=54"}],"curies":[{"name":"wp","href":"https:\/\/api.w.org\/{rel}","templated":true}]}}

<div class="wp-block-image"><figure class="aligncenter size-large"><img loading="lazy" decoding="async" width="727" height="1024" src="https://diwanlanderne.bzh/wp-content/uploads/2026/02/AFFICHE-727x1024.png" alt="" class="wp-image-624" srcset="https://diwanlanderne.bzh/wp-content/uploads/2026/02/AFFICHE-727x1024.png 727w, https://diwanlanderne.bzh/wp-content/uploads/2026/02/AFFICHE-213x300.png 213w, https://diwanlanderne.bzh/wp-content/uploads/2026/02/AFFICHE-768x1082.png 768w, https://diwanlanderne.bzh/wp-content/uploads/2026/02/AFFICHE-1091x1536.png 1091w, https://diwanlanderne.bzh/wp-content/uploads/2026/02/AFFICHE.png 1185w" sizes="auto, (max-width: 727px) 85vw, 727px" /></figure></div>



<p>Rendez-vous incontournable du Nord Finistère, la foire bio de Landerneau revient pour une 28ᵉ édition les 21 &amp; 22 mars 2026. À vos agendas !<br></p>



<p>Venir à la foire bio de Landerneau, c’est soutenir la filière bio et écologique lors d’un rassemblement familial, éthique et joyeux !!! La foire bio de Landerneau, ce sont plus de 110 exposants qui seront là pour présenter leurs produits et services respectueux de la nature.&nbsp;<br></p>



<figure class="wp-block-image size-large"><img loading="lazy" decoding="async" width="1024" height="257" src="https://diwanlanderne.bzh/wp-content/uploads/2023/12/Skeudenn-1024x257.jpg" alt="" class="wp-image-588" srcset="https://diwanlanderne.bzh/wp-content/uploads/2023/12/Skeudenn-1024x257.jpg 1024w, https://diwanlanderne.bzh/wp-content/uploads/2023/12/Skeudenn-300x75.jpg 300w, https://diwanlanderne.bzh/wp-content/uploads/2023/12/Skeudenn-768x193.jpg 768w, https://diwanlanderne.bzh/wp-content/uploads/2023/12/Skeudenn-1536x386.jpg 1536w, https://diwanlanderne.bzh/wp-content/uploads/2023/12/Skeudenn-2048x514.jpg 2048w, https://diwanlanderne.bzh/wp-content/uploads/2023/12/Skeudenn-1200x301.jpg 1200w" sizes="auto, (max-width: 709px) 85vw, (max-width: 909px) 67vw, (max-width: 1362px) 62vw, 840px" /></figure>



<p>La foire bio sera garnie de multiples ateliers et animations auxquels vous serez invités à participer que ce soit pendant le weekend ou même à travers des événements durant la semaine précédent la foire. Différents espaces restaurations du site (food trucks, stand crêpes) vous permettront de vous régaler, il y en aura pour tous les goûts.<br></p>



<p>La foire bio de Landerneau ça se passe dans la halle de Saint-Ernel à Landerneau le samedi et le dimanche, de 10h à 19h. C’est 3,5€ l’entrée pour la journée, 2€ pour les bénéficiaires de minima sociaux et demandeurs d’emploi sur justificatif et gratuit pour les moins de 16 ans.<br></p>



<p>Participer à la foire bio, c’est se faire plaisir le temps d’un week-end tout en soutenant l&rsquo;école Diwan de Landerneau. Plus d’info sur : <a rel="noreferrer noopener" aria-label="foirebiolanderneau.bzh (s’ouvre dans un nouvel onglet)" href="http://foirebiolanderneau.bzh/" target="_blank">foirebiolanderneau.bzh</a></p>



<figure class="wp-block-image size-large"><img loading="lazy" decoding="async" width="1024" height="768" src="https://diwanlanderne.bzh/wp-content/uploads/2026/02/PHOTO-2021-1024x768.jpg" alt="" class="wp-image-631" srcset="https://diwanlanderne.bzh/wp-content/uploads/2026/02/PHOTO-2021-1024x768.jpg 1024w, https://diwanlanderne.bzh/wp-content/uploads/2026/02/PHOTO-2021-300x225.jpg 300w, https://diwanlanderne.bzh/wp-content/uploads/2026/02/PHOTO-2021-768x576.jpg 768w, https://diwanlanderne.bzh/wp-content/uploads/2026/02/PHOTO-2021-1536x1152.jpg 1536w, https://diwanlanderne.bzh/wp-content/uploads/2026/02/PHOTO-2021-1200x900.jpg 1200w, https://diwanlanderne.bzh/wp-content/uploads/2026/02/PHOTO-2021.jpg 2016w" sizes="auto, (max-width: 709px) 85vw, (max-width: 909px) 67vw, (max-width: 1362px) 62vw, 840px" /></figure>



<div class="wp-block-image"><figure class="aligncenter"><a href="rattrapage en juin ?" target="_blank" rel="noreferrer noopener"><img loading="lazy" decoding="async" width="844" height="750" src="https://diwanlanderne.bzh/wp-content/uploads/2019/03/Foirebio2019.jpg" alt="" class="wp-image-151" srcset="https://diwanlanderne.bzh/wp-content/uploads/2019/03/Foirebio2019.jpg 844w, https://diwanlanderne.bzh/wp-content/uploads/2019/03/Foirebio2019-300x267.jpg 300w, https://diwanlanderne.bzh/wp-content/uploads/2019/03/Foirebio2019-768x682.jpg 768w" sizes="auto, (max-width: 709px) 85vw, (max-width: 909px) 67vw, (max-width: 1362px) 62vw, 840px" /></a><figcaption>Foire bio 2019 </figcaption></figure></div>



<p>Unan eus an darvoudoù n’haller ket tremen e-biou e Norzh Penn-ar-Bed eo Foar Bio Landerne. Evit ar 28<sup>vet </sup>tro e vo aozet diouzh an 21 hag an 22 a viz Meurzh 2026.</p>



<p>Dont d’ar Foar vBio a sikouro an hentenn viologel hag ekologel e-pad un degouezh digor d’ar familhoù, etik ha leun a levenez. Ouzhpenn 110 diskouezer a vo degemeret gant an aozerien evit reiñ tro d’an dud da anavezout o froduioù hag o servijoù a doujus ouzh an natur.</p>



<p>Meur a atalier hag a abadenn a vo war al lec’h met ivez e-pad ar sizhun araog ar foar. Pep hini a c’hello kavout war al lec’h peadra da lipat ar mourroù gant krampouezh pe gant kamionoù-boued o kinnig un dibab lies.</p>



<p>E Sal Sant-Ernel e Landerne e vo degemeret ar Foar Bio etre 10e beure ha 7e noz. 3,5€ eo ar priz evit mont e-barzh, 2€ evit degemererien ar c’horvoderioù sokial izek, an dud dilabour. Digoust eo evit re yaouank dindan 16 bloaz.</p>



<p>Dont d’ar Foar Bio a zegaso un tamm plijadur deoc’h e-kerzh un dibenn-sizhun ha war an dro e vo skoazell Skol Diwan Landerne ganeoc’h. Evit gouzout hiroc&rsquo;h : <a rel="noreferrer noopener" aria-label="foirebiolanderneau.bzh (s’ouvre dans un nouvel onglet)" href="http://foirebiolanderneau.bzh/" target="_blank">foirebiolanderneau.bzh</a></p>



<figure class="wp-block-image size-large is-style-default"><img loading="lazy" decoding="async" width="1024" height="687" src="https://diwanlanderne.bzh/wp-content/uploads/2026/02/RectoVerso-1024x687.jpg" alt="" class="wp-image-626" srcset="https://diwanlanderne.bzh/wp-content/uploads/2026/02/RectoVerso-1024x687.jpg 1024w, https://diwanlanderne.bzh/wp-content/uploads/2026/02/RectoVerso-300x201.jpg 300w, https://diwanlanderne.bzh/wp-content/uploads/2026/02/RectoVerso-768x516.jpg 768w, https://diwanlanderne.bzh/wp-content/uploads/2026/02/RectoVerso-1536x1031.jpg 1536w, https://diwanlanderne.bzh/wp-content/uploads/2026/02/RectoVerso-2048x1375.jpg 2048w, https://diwanlanderne.bzh/wp-content/uploads/2026/02/RectoVerso-1200x806.jpg 1200w" sizes="auto, (max-width: 709px) 85vw, (max-width: 909px) 67vw, (max-width: 1362px) 62vw, 840px" /></figure>



<div class="wp-block-image"><figure class="aligncenter size-large"><a href="https://www.letelegramme.fr/finistere/landerneau/foire-bio-de-diwan-landerneau-rattrapage-en-juin-17-03-2021-12719493.php" target="_blank" rel="noreferrer noopener"><img loading="lazy" decoding="async" width="676" height="338" src="https://diwanlanderne.bzh/wp-content/uploads/2021/03/le-comite-n-a-pas-encore-renonce-a-l-organisation-d-une_5584032_676x338p.jpg" alt="" class="wp-image-402" srcset="https://diwanlanderne.bzh/wp-content/uploads/2021/03/le-comite-n-a-pas-encore-renonce-a-l-organisation-d-une_5584032_676x338p.jpg 676w, https://diwanlanderne.bzh/wp-content/uploads/2021/03/le-comite-n-a-pas-encore-renonce-a-l-organisation-d-une_5584032_676x338p-300x150.jpg 300w" sizes="auto, (max-width: 676px) 85vw, 676px" /></a></figure></div>



<figure class="wp-block-image size-large"><img loading="lazy" decoding="async" width="1024" height="725" src="https://diwanlanderne.bzh/wp-content/uploads/2023/01/AFFICHES-18-25-1024x725.png" alt="" class="wp-image-568" srcset="https://diwanlanderne.bzh/wp-content/uploads/2023/01/AFFICHES-18-25-1024x725.png 1024w, https://diwanlanderne.bzh/wp-content/uploads/2023/01/AFFICHES-18-25-300x212.png 300w, https://diwanlanderne.bzh/wp-content/uploads/2023/01/AFFICHES-18-25-768x544.png 768w, https://diwanlanderne.bzh/wp-content/uploads/2023/01/AFFICHES-18-25-1536x1087.png 1536w, https://diwanlanderne.bzh/wp-content/uploads/2023/01/AFFICHES-18-25-1200x849.png 1200w, https://diwanlanderne.bzh/wp-content/uploads/2023/01/AFFICHES-18-25.png 1653w" sizes="auto, (max-width: 709px) 85vw, (max-width: 909px) 67vw, (max-width: 1362px) 62vw, 840px" /></figure>



<figure class="wp-block-image size-large"><img loading="lazy" decoding="async" width="1024" height="725" src="https://diwanlanderne.bzh/wp-content/uploads/2023/01/AFFICHES-10-17-1024x725.png" alt="" class="wp-image-567" srcset="https://diwanlanderne.bzh/wp-content/uploads/2023/01/AFFICHES-10-17-1024x725.png 1024w, https://diwanlanderne.bzh/wp-content/uploads/2023/01/AFFICHES-10-17-300x212.png 300w, https://diwanlanderne.bzh/wp-content/uploads/2023/01/AFFICHES-10-17-768x544.png 768w, https://diwanlanderne.bzh/wp-content/uploads/2023/01/AFFICHES-10-17-1536x1087.png 1536w, https://diwanlanderne.bzh/wp-content/uploads/2023/01/AFFICHES-10-17-1200x849.png 1200w, https://diwanlanderne.bzh/wp-content/uploads/2023/01/AFFICHES-10-17.png 1653w" sizes="auto, (max-width: 709px) 85vw, (max-width: 909px) 67vw, (max-width: 1362px) 62vw, 840px" /></figure>

<p>Rendez-vous incontournable du Nord Finistère, la foire bio de Landerneau revient pour une 28ᵉ édition les 21 &amp; 22 mars 2026. À vos agendas ! Venir à la foire bio de Landerneau, c’est soutenir la filière bio et écologique lors d’un rassemblement familial, éthique et joyeux !!! La foire bio de Landerneau, ce sont plus &hellip; <a href="https://diwanlanderne.bzh/index.php/foar-bio/" class="more-link">Continuer la lecture<span class="screen-reader-text"> de &laquo;&nbsp;FOAR BIO 2026&nbsp;&raquo;</span></a></p>
